CRAN Package Check Results for Package seecolor

Last updated on 2024-06-24 15:56:53 CEST.

Flavor Version Tinstall Tcheck Ttotal Status Flags
r-devel-linux-x86_64-debian-clang 0.2.0 3.28 32.94 36.22 OK
r-devel-linux-x86_64-debian-gcc 0.2.0 2.29 25.20 27.49 OK
r-devel-linux-x86_64-fedora-clang 0.2.0 46.74 NOTE
r-devel-linux-x86_64-fedora-gcc 0.2.0 55.79 NOTE
r-devel-windows-x86_64 0.2.0 5.00 47.00 52.00 OK
r-patched-linux-x86_64 0.2.0 3.39 31.31 34.70 OK
r-release-linux-x86_64 0.2.0 3.05 32.19 35.24 OK
r-release-macos-arm64 0.2.0 27.00 OK
r-release-macos-x86_64 0.2.0 39.00 OK
r-release-windows-x86_64 0.2.0 5.00 47.00 52.00 OK
r-oldrel-macos-arm64 0.2.0 26.00 OK
r-oldrel-macos-x86_64 0.2.0 34.00 OK
r-oldrel-windows-x86_64 0.2.0 5.00 50.00 55.00 OK

Check Details

Version: 0.2.0
Check: dependencies in R code
Result: NOTE Namespace in Imports field not imported from: ‘fansi’ All declared Imports should be used. Flavors: r-devel-linux-x86_64-fedora-clang, r-devel-linux-x86_64-fedora-gcc