Last updated on 2022-07-02 15:52:29 CEST.
Flavor | Version | Tinstall | Tcheck | Ttotal | Status | Flags |
---|---|---|---|---|---|---|
r-devel-linux-x86_64-debian-clang | 1.0.9 | 8.32 | 122.91 | 131.23 | NOTE | |
r-devel-linux-x86_64-debian-gcc | 1.0.9 | 7.60 | 88.38 | 95.98 | NOTE | |
r-devel-linux-x86_64-fedora-clang | 1.0.9 | 162.15 | NOTE | |||
r-devel-linux-x86_64-fedora-gcc | 1.0.9 | 159.12 | NOTE | |||
r-devel-windows-x86_64 | 1.0.9 | 422.00 | 161.00 | 583.00 | NOTE | |
r-patched-linux-x86_64 | 1.0.9 | 7.54 | 115.86 | 123.40 | NOTE | |
r-release-linux-x86_64 | 1.0.9 | 8.72 | 116.64 | 125.36 | NOTE | |
r-release-macos-arm64 | 1.0.9 | 46.00 | NOTE | |||
r-release-macos-x86_64 | 1.0.9 | 76.00 | NOTE | |||
r-release-windows-x86_64 | 1.0.9 | 206.00 | 184.00 | 390.00 | NOTE | |
r-oldrel-macos-arm64 | 1.0.9 | 53.00 | NOTE | |||
r-oldrel-macos-x86_64 | 1.0.9 | 72.00 | NOTE | |||
r-oldrel-windows-ix86+x86_64 | 1.0.9 | 23.00 | 205.00 | 228.00 | NOTE |
Version: 1.0.9
Check: LazyData
Result: NOTE
'LazyData' is specified without a 'data' directory
Flavors: r-devel-linux-x86_64-debian-clang, r-devel-linux-x86_64-debian-gcc, r-devel-linux-x86_64-fedora-clang, r-devel-linux-x86_64-fedora-gcc, r-devel-windows-x86_64, r-patched-linux-x86_64, r-release-linux-x86_64, r-release-macos-arm64, r-release-macos-x86_64, r-release-windows-x86_64, r-oldrel-macos-arm64, r-oldrel-macos-x86_64, r-oldrel-windows-ix86+x86_64