CRAN Package Check Results for Package secsse

Last updated on 2020-09-22 16:02:40 CEST.

Flavor Version Tinstall Tcheck Ttotal Status Flags
r-devel-linux-x86_64-debian-clang 2.0.0 4.81 45.29 50.10 OK
r-devel-linux-x86_64-debian-gcc 2.0.0 4.73 35.79 40.52 OK
r-devel-linux-x86_64-fedora-clang 2.0.0 75.67 OK
r-devel-linux-x86_64-fedora-gcc 2.0.0 62.55 OK
r-devel-windows-ix86+x86_64 2.0.0 17.00 67.00 84.00 NOTE
r-patched-linux-x86_64 2.0.0 6.28 45.04 51.32 OK
r-patched-solaris-x86 2.0.0 86.90 OK
r-release-linux-x86_64 2.0.0 5.66 44.05 49.71 OK
r-release-macos-x86_64 2.0.0 OK
r-release-windows-ix86+x86_64 2.0.0 14.00 85.00 99.00 NOTE
r-oldrel-macos-x86_64 2.0.0 OK
r-oldrel-windows-ix86+x86_64 2.0.0 8.00 81.00 89.00 NOTE

Check Details

Version: 2.0.0
Check: package dependencies
Result: NOTE
    Package which this enhances but not available for checking: 'doMC'
Flavors: r-devel-windows-ix86+x86_64, r-release-windows-ix86+x86_64, r-oldrel-windows-ix86+x86_64