Last updated on 2023-03-26 15:52:45 CEST.
Flavor | Version | Tinstall | Tcheck | Ttotal | Status | Flags |
---|---|---|---|---|---|---|
r-devel-linux-x86_64-debian-clang | 0.2 | 51.27 | 116.25 | 167.52 | NOTE | |
r-devel-linux-x86_64-debian-gcc | 0.2 | 38.89 | 87.63 | 126.52 | NOTE | |
r-devel-linux-x86_64-fedora-clang | 0.2 | 237.62 | NOTE | |||
r-devel-linux-x86_64-fedora-gcc | 0.2 | 207.00 | NOTE | |||
r-patched-linux-x86_64 | 0.2 | 41.97 | 111.89 | 153.86 | NOTE | |
r-release-linux-x86_64 | 0.2 | 41.61 | 111.07 | 152.68 | OK | |
r-release-macos-arm64 | 0.2 | 52.00 | OK | |||
r-release-macos-x86_64 | 0.2 | 71.00 | OK | |||
r-release-windows-x86_64 | 0.2 | 62.00 | 149.00 | 211.00 | OK | |
r-oldrel-macos-arm64 | 0.2 | 62.00 | OK | |||
r-oldrel-macos-x86_64 | 0.2 | 105.00 | OK | |||
r-oldrel-windows-ix86+x86_64 | 0.2 | 116.00 | 174.00 | 290.00 | OK |
Version: 0.2
Check: C++ specification
Result: NOTE
Specified C++11: please drop specification unless essential
Flavors: r-devel-linux-x86_64-debian-clang, r-devel-linux-x86_64-debian-gcc, r-devel-linux-x86_64-fedora-clang, r-devel-linux-x86_64-fedora-gcc, r-patched-linux-x86_64