CRAN Package Check Results for Package sdmApp

Last updated on 2022-06-25 03:51:09 CEST.

Flavor Version Tinstall Tcheck Ttotal Status Flags
r-devel-linux-x86_64-debian-clang 0.0.2 2.74 55.17 57.91 OK
r-devel-linux-x86_64-debian-gcc 0.0.2 2.21 41.58 43.79 OK
r-devel-linux-x86_64-fedora-clang 0.0.2 84.15 NOTE
r-devel-linux-x86_64-fedora-gcc 0.0.2 77.41 NOTE
r-devel-windows-x86_64 0.0.2 51.00 88.00 139.00 OK
r-patched-linux-x86_64 0.0.2 6.97 53.32 60.29 OK
r-release-linux-x86_64 0.0.2 2.95 51.97 54.92 OK
r-release-macos-arm64 0.0.2 23.00 NOTE
r-release-macos-x86_64 0.0.2 48.00 NOTE
r-release-windows-x86_64 0.0.2 32.00 85.00 117.00 OK
r-oldrel-macos-arm64 0.0.2 28.00 NOTE
r-oldrel-macos-x86_64 0.0.2 27.00 NOTE
r-oldrel-windows-ix86+x86_64 0.0.2 8.00 82.00 90.00 OK

Check Details

Version: 0.0.2
Check: dependencies in R code
Result: NOTE
    Namespace in Imports field not imported from: ‘sp’
     All declared Imports should be used.
Flavors: r-devel-linux-x86_64-fedora-clang, r-devel-linux-x86_64-fedora-gcc, r-release-macos-arm64, r-release-macos-x86_64, r-oldrel-macos-arm64, r-oldrel-macos-x86_64