CRAN Package Check Results for Package sdetorus

Last updated on 2022-01-22 03:56:57 CET.

Flavor Version Tinstall Tcheck Ttotal Status Flags
r-devel-linux-x86_64-debian-clang 0.1.8 162.00 69.38 231.38 OK
r-devel-linux-x86_64-debian-gcc 0.1.8 113.80 52.90 166.70 OK
r-devel-linux-x86_64-fedora-clang 0.1.8 336.91 NOTE
r-devel-linux-x86_64-fedora-gcc 0.1.8 292.12 OK
r-devel-windows-x86_64-new-UL 0.1.8 198.00 119.00 317.00 OK
r-devel-windows-x86_64-new-TK 0.1.8 OK
r-patched-linux-x86_64 0.1.8 139.69 67.96 207.65 OK
r-release-linux-x86_64 0.1.8 132.99 67.15 200.14 OK
r-release-macos-arm64 0.1.8 NOTE
r-release-macos-x86_64 0.1.8 NOTE
r-release-windows-ix86+x86_64 0.1.8 370.00 133.00 503.00 OK
r-oldrel-macos-x86_64 0.1.8 NOTE
r-oldrel-windows-ix86+x86_64 0.1.8 373.00 134.00 507.00 OK

Check Details

Version: 0.1.8
Check: installed package size
Result: NOTE
     installed size is 9.5Mb
     sub-directories of 1Mb or more:
     libs 8.6Mb
Flavors: r-devel-linux-x86_64-fedora-clang, r-release-macos-arm64, r-release-macos-x86_64, r-oldrel-macos-x86_64