CRAN Package Check Results for Package sde

Last updated on 2022-10-07 15:53:10 CEST.

Flavor Version Tinstall Tcheck Ttotal Status Flags
r-devel-linux-x86_64-debian-clang 2.0.18 11.54 109.60 121.14 OK
r-devel-linux-x86_64-debian-gcc 2.0.18 11.64 83.90 95.54 NOTE
r-devel-linux-x86_64-fedora-clang 2.0.18 163.88 OK
r-devel-linux-x86_64-fedora-gcc 2.0.18 156.66 OK
r-devel-windows-x86_64 2.0.18 32.00 151.00 183.00 OK
r-patched-linux-x86_64 2.0.18 8.94 105.29 114.23 OK
r-release-linux-x86_64 2.0.18 9.47 102.91 112.38 OK
r-release-macos-arm64 2.0.18 45.00 OK
r-release-macos-x86_64 2.0.18 65.00 OK
r-release-windows-x86_64 2.0.18 36.00 150.00 186.00 OK
r-oldrel-macos-arm64 2.0.18 48.00 OK
r-oldrel-macos-x86_64 2.0.18 65.00 OK
r-oldrel-windows-ix86+x86_64 2.0.18 32.00 175.00 207.00 OK

Check Details

Version: 2.0.18
Check: compilation flags used
Result: NOTE
    Compilation used the following non-portable flag(s):
     ‘-Wstrict-prototypes’
Flavor: r-devel-linux-x86_64-debian-gcc