Last updated on 2023-02-01 15:51:37 CET.
Flavor | Version | Tinstall | Tcheck | Ttotal | Status | Flags |
---|---|---|---|---|---|---|
r-devel-linux-x86_64-debian-clang | 0.32.4 | 94.33 | 192.98 | 287.31 | OK | |
r-devel-linux-x86_64-debian-gcc | 0.32.4 | 74.37 | 137.88 | 212.25 | OK | |
r-devel-linux-x86_64-fedora-clang | 0.32.4 | 366.12 | NOTE | |||
r-devel-linux-x86_64-fedora-gcc | 0.32.4 | 352.90 | OK | |||
r-devel-windows-x86_64 | 0.32.4 | 272.00 | 235.00 | 507.00 | OK | |
r-patched-linux-x86_64 | 0.32.4 | 80.54 | 167.45 | 247.99 | OK | |
r-release-linux-x86_64 | 0.32.4 | 68.73 | 174.10 | 242.83 | OK | |
r-release-macos-arm64 | 0.32.4 | 79.00 | NOTE | |||
r-release-macos-x86_64 | 0.32.4 | 116.00 | NOTE | |||
r-release-windows-x86_64 | 0.32.4 | 264.00 | 239.00 | 503.00 | OK | |
r-oldrel-macos-arm64 | 0.32.4 | 77.00 | NOTE | |||
r-oldrel-macos-x86_64 | 0.32.4 | 117.00 | NOTE | |||
r-oldrel-windows-ix86+x86_64 | 0.32.4 | 194.00 | 269.00 | 463.00 | NOTE |
Version: 0.32.4
Check: Rd cross-references
Result: NOTE
Undeclared package ‘RegSDC’ in Rd xrefs
Flavor: r-devel-linux-x86_64-fedora-clang
Version: 0.32.4
Check: installed package size
Result: NOTE
installed size is 7.8Mb
sub-directories of 1Mb or more:
R 2.1Mb
libs 5.4Mb
Flavors: r-release-macos-arm64, r-release-macos-x86_64, r-oldrel-macos-arm64, r-oldrel-macos-x86_64, r-oldrel-windows-ix86+x86_64