CRAN Package Check Results for Package sdamr

Last updated on 2024-02-23 15:52:29 CET.

Flavor Version Tinstall Tcheck Ttotal Status Flags
r-devel-linux-x86_64-debian-clang 0.2.0 NOTE
r-devel-linux-x86_64-debian-gcc 0.2.0 3.82 34.55 38.37 NOTE
r-devel-linux-x86_64-fedora-clang 0.2.0 63.02 NOTE
r-devel-linux-x86_64-fedora-gcc 0.2.0 58.86 NOTE
r-devel-windows-x86_64 0.2.0 7.00 58.00 65.00 OK
r-patched-linux-x86_64 0.2.0 5.90 43.53 49.43 OK
r-release-linux-x86_64 0.2.0 5.34 43.46 48.80 OK
r-release-macos-arm64 0.2.0 24.00 OK
r-release-macos-x86_64 0.2.0 32.00 OK
r-release-windows-x86_64 0.2.0 7.00 63.00 70.00 OK
r-oldrel-macos-arm64 0.2.0 32.00 NOTE
r-oldrel-windows-x86_64 0.2.0 8.00 65.00 73.00 OK

Check Details

Version: 0.2.0
Check: Rd files
Result: NOTE checkRd: (-1) geom_flat_violin.Rd:7: Lost braces 7 | url{https://gist.github.com/dgrtwo/eb7750e74997891d7c20} | ^ Flavors: r-devel-linux-x86_64-debian-clang, r-devel-linux-x86_64-debian-gcc

Version: 0.2.0
Check: data for non-ASCII characters
Result: NOTE Note: found 1 marked UTF-8 string Flavors: r-devel-linux-x86_64-fedora-clang, r-devel-linux-x86_64-fedora-gcc, r-oldrel-macos-arm64