Last updated on 2023-02-01 15:51:37 CET.
Flavor | Version | Tinstall | Tcheck | Ttotal | Status | Flags |
---|---|---|---|---|---|---|
r-devel-linux-x86_64-debian-clang | 0.2.0 | 4.34 | 47.69 | 52.03 | OK | |
r-devel-linux-x86_64-debian-gcc | 0.2.0 | 4.19 | 36.28 | 40.47 | OK | |
r-devel-linux-x86_64-fedora-clang | 0.2.0 | 68.27 | NOTE | |||
r-devel-linux-x86_64-fedora-gcc | 0.2.0 | 65.62 | NOTE | |||
r-devel-windows-x86_64 | 0.2.0 | 9.00 | 83.00 | 92.00 | OK | |
r-patched-linux-x86_64 | 0.2.0 | 6.02 | 45.83 | 51.85 | OK | |
r-release-linux-x86_64 | 0.2.0 | 5.22 | 48.86 | 54.08 | OK | |
r-release-macos-arm64 | 0.2.0 | 32.00 | NOTE | |||
r-release-macos-x86_64 | 0.2.0 | 34.00 | NOTE | |||
r-release-windows-x86_64 | 0.2.0 | 18.00 | 80.00 | 98.00 | OK | |
r-oldrel-macos-arm64 | 0.2.0 | 26.00 | NOTE | |||
r-oldrel-macos-x86_64 | 0.2.0 | 37.00 | NOTE | |||
r-oldrel-windows-ix86+x86_64 | 0.2.0 | 13.00 | 71.00 | 84.00 | OK |
Version: 0.2.0
Check: data for non-ASCII characters
Result: NOTE
Note: found 1 marked UTF-8 string
Flavors: r-devel-linux-x86_64-fedora-clang, r-devel-linux-x86_64-fedora-gcc, r-release-macos-arm64, r-release-macos-x86_64, r-oldrel-macos-arm64, r-oldrel-macos-x86_64