CRAN Package Check Results for Package sdStaf

Last updated on 2023-02-06 03:54:44 CET.

Flavor Version Tinstall Tcheck Ttotal Status Flags
r-devel-linux-x86_64-debian-clang 1.0.2 37.29 343.38 380.67 OK
r-devel-linux-x86_64-debian-gcc 1.0.2 31.69 244.62 276.31 OK
r-devel-linux-x86_64-fedora-clang 1.0.2 458.47 NOTE
r-devel-linux-x86_64-fedora-gcc 1.0.2 452.55 NOTE
r-devel-windows-x86_64 1.0.2 40.00 332.00 372.00 OK
r-patched-linux-x86_64 1.0.2 26.07 321.53 347.60 OK
r-release-linux-x86_64 1.0.2 26.22 320.66 346.88 OK
r-release-macos-arm64 1.0.2 89.00 NOTE
r-release-macos-x86_64 1.0.2 161.00 NOTE
r-release-windows-x86_64 1.0.2 37.00 331.00 368.00 OK
r-oldrel-macos-arm64 1.0.2 105.00 NOTE
r-oldrel-macos-x86_64 1.0.2 163.00 NOTE
r-oldrel-windows-ix86+x86_64 1.0.2 75.00 344.00 419.00 OK

Check Details

Version: 1.0.2
Check: dependencies in R code
Result: NOTE
    Namespaces in Imports field not imported from:
     ‘rgdal’ ‘rgeos’ ‘tidyr’
     All declared Imports should be used.
Flavors: r-devel-linux-x86_64-fedora-clang, r-devel-linux-x86_64-fedora-gcc, r-release-macos-arm64, r-release-macos-x86_64, r-oldrel-macos-arm64, r-oldrel-macos-x86_64