Last updated on 2023-04-01 15:52:06 CEST.
Flavor | Version | Tinstall | Tcheck | Ttotal | Status | Flags |
---|---|---|---|---|---|---|
r-devel-linux-x86_64-debian-clang | 0.3.5 | 48.29 | 122.75 | 171.04 | NOTE | |
r-devel-linux-x86_64-debian-gcc | 0.3.5 | 43.03 | 91.30 | 134.33 | NOTE | |
r-devel-linux-x86_64-fedora-clang | 0.3.5 | 223.99 | NOTE | |||
r-devel-linux-x86_64-fedora-gcc | 0.3.5 | 208.99 | NOTE | |||
r-patched-linux-x86_64 | 0.3.5 | 45.96 | 115.34 | 161.30 | NOTE | |
r-release-linux-x86_64 | 0.3.5 | 44.27 | 116.42 | 160.69 | NOTE | |
r-release-macos-arm64 | 0.3.5 | 65.00 | NOTE | |||
r-release-macos-x86_64 | 0.3.5 | 86.00 | NOTE | |||
r-release-windows-x86_64 | 0.3.5 | 72.00 | 178.00 | 250.00 | OK | |
r-oldrel-macos-arm64 | 0.3.5 | 60.00 | NOTE | |||
r-oldrel-macos-x86_64 | 0.3.5 | 87.00 | NOTE | |||
r-oldrel-windows-ix86+x86_64 | 0.3.5 | 115.00 | 192.00 | 307.00 | OK |
Version: 0.3.5
Check: package dependencies
Result: NOTE
Package which this enhances but not available for checking: ‘glmGamPoi’
Flavors: r-devel-linux-x86_64-debian-clang, r-devel-linux-x86_64-debian-gcc, r-devel-linux-x86_64-fedora-clang, r-devel-linux-x86_64-fedora-gcc, r-patched-linux-x86_64, r-release-linux-x86_64, r-release-macos-arm64, r-release-macos-x86_64, r-oldrel-macos-arm64, r-oldrel-macos-x86_64
Version: 0.3.5
Check: C++ specification
Result: NOTE
Specified C++11: please drop specification unless essential
Flavors: r-devel-linux-x86_64-debian-clang, r-devel-linux-x86_64-debian-gcc, r-devel-linux-x86_64-fedora-clang, r-devel-linux-x86_64-fedora-gcc, r-patched-linux-x86_64