CRAN Package Check Results for Package sclr

Last updated on 2024-07-15 03:49:39 CEST.

Flavor Version Tinstall Tcheck Ttotal Status Flags
r-devel-linux-x86_64-debian-clang 0.3.1 5.95 89.59 95.54 OK
r-devel-linux-x86_64-debian-gcc 0.3.1 4.83 66.56 71.39 OK
r-devel-linux-x86_64-fedora-clang 0.3.1 119.42 OK
r-devel-linux-x86_64-fedora-gcc 0.3.1 126.05 OK
r-devel-windows-x86_64 0.3.1 7.00 102.00 109.00 NOTE
r-patched-linux-x86_64 0.3.1 13.10 81.58 94.68 OK
r-release-linux-x86_64 0.3.1 3.94 85.26 89.20 OK
r-release-macos-arm64 0.3.1 45.00 OK
r-release-macos-x86_64 0.3.1 79.00 OK
r-release-windows-x86_64 0.3.1 6.00 95.00 101.00 OK
r-oldrel-macos-arm64 0.3.1 48.00 OK
r-oldrel-macos-x86_64 0.3.1 91.00 OK
r-oldrel-windows-x86_64 0.3.1 8.00 108.00 116.00 OK

Check Details

Version: 0.3.1
Check: Rd cross-references
Result: NOTE Found the following Rd file(s) with Rd \link{} targets missing package anchors: sclr.Rd: broom Please provide package anchors for all Rd \link{} targets not in the package itself and the base packages. Flavor: r-devel-windows-x86_64