CRAN Package Check Results for Package scholar

Last updated on 2024-07-18 15:49:12 CEST.

Flavor Version Tinstall Tcheck Ttotal Status Flags
r-devel-linux-x86_64-debian-clang 0.2.4 11.94 83.32 95.26 NOTE
r-devel-linux-x86_64-debian-gcc 0.2.4 9.97 59.10 69.07 ERROR
r-devel-linux-x86_64-fedora-clang 0.2.4 127.86 NOTE
r-devel-linux-x86_64-fedora-gcc 0.2.4 129.30 NOTE
r-devel-windows-x86_64 0.2.4 11.00 95.00 106.00 NOTE
r-patched-linux-x86_64 0.2.4 15.65 80.08 95.73 NOTE
r-release-linux-x86_64 0.2.4 7.71 81.31 89.02 NOTE
r-release-macos-arm64 0.2.4 67.00 NOTE
r-release-macos-x86_64 0.2.4 90.00 NOTE
r-release-windows-x86_64 0.2.4 14.00 96.00 110.00 NOTE
r-oldrel-macos-arm64 0.2.4 66.00 OK
r-oldrel-macos-x86_64 0.2.4 83.00 OK
r-oldrel-windows-x86_64 0.2.4 15.00 106.00 121.00 OK

Check Details

Version: 0.2.4
Check: Rd files
Result: NOTE checkRd: (-1) get_profile.Rd:22: Lost braces in \itemize; \value handles \item{}{} directly checkRd: (-1) get_profile.Rd:23: Lost braces in \itemize; \value handles \item{}{} directly checkRd: (-1) get_profile.Rd:24: Lost braces in \itemize; \value handles \item{}{} directly checkRd: (-1) get_profile.Rd:25: Lost braces in \itemize; \value handles \item{}{} directly checkRd: (-1) get_profile.Rd:26: Lost braces in \itemize; \value handles \item{}{} directly Flavors: r-devel-linux-x86_64-debian-clang, r-devel-linux-x86_64-debian-gcc, r-devel-linux-x86_64-fedora-clang, r-devel-linux-x86_64-fedora-gcc, r-devel-windows-x86_64, r-patched-linux-x86_64, r-release-linux-x86_64, r-release-macos-arm64, r-release-macos-x86_64, r-release-windows-x86_64

Version: 0.2.4
Check: examples
Result: ERROR Running examples in ‘scholar-Ex.R’ failed The error most likely occurred in: > base::assign(".ptime", proc.time(), pos = "CheckExEnv") > ### Name: get_scholar_id > ### Title: Search for Google Scholar ID by name and affiliation > ### Aliases: get_scholar_id > > ### ** Examples > > get_scholar_id(first_name = "kristopher", last_name = "mcneill") Warning in get_scholar_resp(url, attempts_left - 1) : Cannot connect to Google Scholar. Is the ID you provided correct? Warning in get_scholar_resp(url, attempts_left - 1) : Cannot connect to Google Scholar. Is the ID you provided correct? Warning in get_scholar_id(first_name = "kristopher", last_name = "mcneill") : Selecting first out of 5 candidate matches. Error in x_profile$id : $ operator is invalid for atomic vectors Calls: get_scholar_id Execution halted Examples with CPU (user + system) or elapsed time > 5s user system elapsed author_position 0.329 0.036 5.921 Flavor: r-devel-linux-x86_64-debian-gcc

Version: 0.2.4
Check: re-building of vignette outputs
Result: ERROR Error(s) in re-building vignettes: ... --- re-building ‘scholar.Rmd’ using rmarkdown ** Processing: /home/hornik/tmp/R.check/r-devel-gcc/Work/PKGS/scholar.Rcheck/vign_test/scholar/vignettes/scholar_files/figure-html/unnamed-chunk-4-1.png 672x480 pixels, 8 bits/pixel, 256 colors in palette Reducing image to 8 bits/pixel, grayscale Input IDAT size = 11052 bytes Input file size = 11922 bytes Trying: zc = 9 zm = 8 zs = 0 f = 0 IDAT size = 9163 zc = 9 zm = 8 zs = 1 f = 0 IDAT size = 9116 zc = 1 zm = 8 zs = 2 f = 0 zc = 9 zm = 8 zs = 3 f = 0 zc = 9 zm = 8 zs = 0 f = 5 zc = 9 zm = 8 zs = 1 f = 5 zc = 1 zm = 8 zs = 2 f = 5 zc = 9 zm = 8 zs = 3 f = 5 Selecting parameters: zc = 9 zm = 8 zs = 1 f = 0 IDAT size = 9116 Output IDAT size = 9116 bytes (1936 bytes decrease) Output file size = 9194 bytes (2728 bytes = 22.88% decrease) ** Processing: /home/hornik/tmp/R.check/r-devel-gcc/Work/PKGS/scholar.Rcheck/vign_test/scholar/vignettes/scholar_files/figure-html/unnamed-chunk-5-1.png 672x480 pixels, 3x8 bits/pixel, RGB Input IDAT size = 18439 bytes Input file size = 18541 bytes Trying: zc = 9 zm = 8 zs = 0 f = 0 IDAT size = 16985 zc = 9 zm = 8 zs = 1 f = 0 zc = 1 zm = 8 zs = 2 f = 0 zc = 9 zm = 8 zs = 3 f = 0 zc = 9 zm = 8 zs = 0 f = 5 zc = 9 zm = 8 zs = 1 f = 5 zc = 1 zm = 8 zs = 2 f = 5 zc = 9 zm = 8 zs = 3 f = 5 Selecting parameters: zc = 9 zm = 8 zs = 0 f = 0 IDAT size = 16985 Output IDAT size = 16985 bytes (1454 bytes decrease) Output file size = 17063 bytes (1478 bytes = 7.97% decrease) ** Processing: /home/hornik/tmp/R.check/r-devel-gcc/Work/PKGS/scholar.Rcheck/vign_test/scholar/vignettes/scholar_files/figure-html/unnamed-chunk-6-1.png 672x480 pixels, 3x8 bits/pixel, RGB Input IDAT size = 33816 bytes Input file size = 33942 bytes Trying: zc = 9 zm = 8 zs = 0 f = 0 IDAT size = 32469 zc = 9 zm = 8 zs = 1 f = 0 zc = 1 zm = 8 zs = 2 f = 0 zc = 9 zm = 8 zs = 3 f = 0 zc = 9 zm = 8 zs = 0 f = 5 IDAT size = 31721 zc = 9 zm = 8 zs = 1 f = 5 zc = 1 zm = 8 zs = 2 f = 5 zc = 9 zm = 8 zs = 3 f = 5 Selecting parameters: zc = 9 zm = 8 zs = 0 f = 5 IDAT size = 31721 Output IDAT size = 31721 bytes (2095 bytes decrease) Output file size = 31799 bytes (2143 bytes = 6.31% decrease) ** Processing: /home/hornik/tmp/R.check/r-devel-gcc/Work/PKGS/scholar.Rcheck/vign_test/scholar/vignettes/scholar_files/figure-html/unnamed-chunk-6-2.png 672x480 pixels, 3x8 bits/pixel, RGB Input IDAT size = 34064 bytes Input file size = 34190 bytes Trying: zc = 9 zm = 8 zs = 0 f = 0 IDAT size = 29498 zc = 9 zm = 8 zs = 1 f = 0 zc = 1 zm = 8 zs = 2 f = 0 zc = 9 zm = 8 zs = 3 f = 0 zc = 9 zm = 8 zs = 0 f = 5 zc = 9 zm = 8 zs = 1 f = 5 zc = 1 zm = 8 zs = 2 f = 5 zc = 9 zm = 8 zs = 3 f = 5 Selecting parameters: zc = 9 zm = 8 zs = 0 f = 0 IDAT size = 29498 Output IDAT size = 29498 bytes (4566 bytes decrease) Output file size = 29576 bytes (4614 bytes = 13.50% decrease) Quitting from lines 120-125 [unnamed-chunk-7] (scholar.Rmd) Error: processing vignette 'scholar.Rmd' failed with diagnostics: is.response(x) is not TRUE --- failed re-building ‘scholar.Rmd’ SUMMARY: processing the following file failed: ‘scholar.Rmd’ Error: Vignette re-building failed. Execution halted Flavor: r-devel-linux-x86_64-debian-gcc

Version: 0.2.4
Check: Rd cross-references
Result: NOTE Found the following Rd file(s) with Rd \link{} targets missing package anchors: get_scholar_resp.Rd: response, GET Please provide package anchors for all Rd \link{} targets not in the package itself and the base packages. Flavor: r-devel-windows-x86_64