Last updated on 2022-06-26 03:50:12 CEST.
Flavor | Version | Tinstall | Tcheck | Ttotal | Status | Flags |
---|---|---|---|---|---|---|
r-devel-linux-x86_64-debian-clang | 1.0.1 | 62.37 | 81.26 | 143.63 | OK | |
r-devel-linux-x86_64-debian-gcc | 1.0.1 | 51.34 | 60.95 | 112.29 | OK | |
r-devel-windows-x86_64 | 1.0.1 | 65.00 | 130.00 | 195.00 | OK | |
r-patched-linux-x86_64 | 1.0.1 | 57.34 | 76.71 | 134.05 | OK | |
r-release-linux-x86_64 | 1.0.1 | 55.43 | 76.08 | 131.51 | OK | |
r-release-macos-arm64 | 1.0.1 | 54.00 | NOTE | |||
r-release-macos-x86_64 | 1.0.1 | 114.00 | NOTE | |||
r-release-windows-x86_64 | 1.0.1 | 71.00 | 127.00 | 198.00 | OK | |
r-oldrel-macos-arm64 | 1.0.1 | 49.00 | NOTE | |||
r-oldrel-macos-x86_64 | 1.0.1 | 68.00 | NOTE | |||
r-oldrel-windows-ix86+x86_64 | 1.0.1 | 164.00 | 146.00 | 310.00 | OK |
Version: 1.0.1
Check: installed package size
Result: NOTE
installed size is 5.8Mb
sub-directories of 1Mb or more:
libs 5.0Mb
Flavors: r-release-macos-arm64, r-release-macos-x86_64, r-oldrel-macos-arm64, r-oldrel-macos-x86_64