CRAN Package Check Results for Package scape

Last updated on 2020-11-28 03:52:47 CET.

Flavor Version Tinstall Tcheck Ttotal Status Flags
r-devel-linux-x86_64-debian-clang 2.3.3 17.22 146.94 164.16 OK
r-devel-linux-x86_64-debian-gcc 2.3.3 12.55 109.57 122.12 OK
r-devel-linux-x86_64-fedora-clang 2.3.3 195.76 OK
r-devel-linux-x86_64-fedora-gcc 2.3.3 181.36 OK
r-devel-windows-ix86+x86_64 2.3.3 30.00 185.00 215.00 OK
r-patched-linux-x86_64 2.3.3 14.60 139.35 153.95 OK
r-patched-solaris-x86 2.3.3 246.70 NOTE
r-release-linux-x86_64 2.3.3 14.77 137.74 152.51 OK
r-release-macos-x86_64 2.3.3 OK
r-release-windows-ix86+x86_64 2.3.3 30.00 181.00 211.00 OK
r-oldrel-macos-x86_64 2.3.3 OK
r-oldrel-windows-ix86+x86_64 2.3.3 26.00 176.00 202.00 OK

Check Details

Version: 2.3.3
Check: installed package size
Result: NOTE
     installed size is 5.2Mb
     sub-directories of 1Mb or more:
     doc 1.5Mb
     example 2.7Mb
Flavor: r-patched-solaris-x86