CRAN Package Check Results for Package scales

Last updated on 2020-09-24 15:48:41 CEST.

Flavor Version Tinstall Tcheck Ttotal Status Flags
r-devel-linux-x86_64-debian-clang 1.1.1 8.04 58.51 66.55 OK
r-devel-linux-x86_64-debian-gcc 1.1.1 7.22 46.04 53.26 OK
r-devel-linux-x86_64-fedora-clang 1.1.1 88.32 NOTE
r-devel-linux-x86_64-fedora-gcc 1.1.1 77.16 OK
r-devel-windows-ix86+x86_64 1.1.1 13.00 87.00 100.00 OK
r-patched-linux-x86_64 1.1.1 7.83 54.83 62.66 OK
r-patched-solaris-x86 1.1.1 100.90 OK
r-release-linux-x86_64 1.1.1 8.73 55.53 64.26 OK
r-release-macos-x86_64 1.1.1 OK
r-release-windows-ix86+x86_64 1.1.1 13.00 83.00 96.00 OK
r-oldrel-macos-x86_64 1.1.1 OK
r-oldrel-windows-ix86+x86_64 1.1.1 9.00 65.00 74.00 OK

Check Details

Version: 1.1.1
Check: Rd cross-references
Result: NOTE
    Undeclared package ‘plyr’ in Rd xrefs
Flavor: r-devel-linux-x86_64-fedora-clang