CRAN Package Check Results for Package scaleboot

Last updated on 2022-01-16 15:48:40 CET.

Flavor Version Tinstall Tcheck Ttotal Status Flags
r-devel-linux-x86_64-debian-clang 1.0-1 6.79 103.40 110.19 OK
r-devel-linux-x86_64-debian-gcc 1.0-1 7.22 79.42 86.64 OK
r-devel-linux-x86_64-fedora-clang 1.0-1 142.65 NOTE
r-devel-linux-x86_64-fedora-gcc 1.0-1 132.16 NOTE
r-devel-windows-x86_64-new-UL 1.0-1 109.00 126.00 235.00 OK
r-devel-windows-x86_64-new-TK 1.0-1 NOTE
r-patched-linux-x86_64 1.0-1 9.62 108.43 118.05 OK
r-release-linux-x86_64 1.0-1 OK
r-release-macos-arm64 1.0-1 NOTE
r-release-macos-x86_64 1.0-1 NOTE
r-release-windows-ix86+x86_64 1.0-1 15.00 121.00 136.00 OK
r-oldrel-macos-x86_64 1.0-1 NOTE
r-oldrel-windows-ix86+x86_64 1.0-1 15.00 123.00 138.00 OK

Check Details

Version: 1.0-1
Check: dependencies in R code
Result: NOTE
    Namespace in Imports field not imported from: ‘pvclust’
     All declared Imports should be used.
Flavors: r-devel-linux-x86_64-fedora-clang, r-devel-linux-x86_64-fedora-gcc, r-devel-windows-x86_64-new-TK, r-release-macos-arm64, r-release-macos-x86_64, r-oldrel-macos-x86_64