Last updated on 2022-06-30 15:51:51 CEST.
Flavor | Version | Tinstall | Tcheck | Ttotal | Status | Flags |
---|---|---|---|---|---|---|
r-devel-linux-x86_64-debian-clang | 1.0 | 23.19 | 187.34 | 210.53 | NOTE | |
r-devel-linux-x86_64-debian-gcc | 1.0 | 17.75 | 137.38 | 155.13 | NOTE | |
r-devel-linux-x86_64-fedora-clang | 1.0 | 250.57 | NOTE | |||
r-devel-linux-x86_64-fedora-gcc | 1.0 | 248.76 | NOTE | |||
r-devel-windows-x86_64 | 1.0 | 39.00 | 208.00 | 247.00 | OK | |
r-patched-linux-x86_64 | 1.0 | 21.49 | 174.31 | 195.80 | NOTE | |
r-release-linux-x86_64 | 1.0 | 21.22 | 174.23 | 195.45 | NOTE | |
r-release-macos-arm64 | 1.0 | 69.00 | OK | |||
r-release-macos-x86_64 | 1.0 | 113.00 | OK | |||
r-release-windows-x86_64 | 1.0 | 35.00 | 206.00 | 241.00 | OK | |
r-oldrel-macos-arm64 | 1.0 | 101.00 | OK | |||
r-oldrel-macos-x86_64 | 1.0 | 85.00 | OK | |||
r-oldrel-windows-ix86+x86_64 | 1.0 | 49.00 | 202.00 | 251.00 | OK |
Version: 1.0
Check: for non-standard things in the check directory
Result: NOTE
Found the following files/directories:
'untitled_consensus_cluster'
Flavors: r-devel-linux-x86_64-debian-clang, r-devel-linux-x86_64-debian-gcc, r-devel-linux-x86_64-fedora-clang, r-devel-linux-x86_64-fedora-gcc, r-patched-linux-x86_64, r-release-linux-x86_64