CRAN Package Check Results for Package scITD

Last updated on 2022-06-29 03:52:51 CEST.

Flavor Version Tinstall Tcheck Ttotal Status Flags
r-devel-linux-x86_64-debian-clang 1.0.2 75.99 276.77 352.76 NOTE
r-devel-linux-x86_64-debian-gcc 1.0.2 56.78 207.61 264.39 NOTE
r-devel-linux-x86_64-fedora-clang 1.0.2 453.13 NOTE
r-devel-linux-x86_64-fedora-gcc 1.0.2 438.59 NOTE
r-devel-windows-x86_64 1.0.2 77.00 312.00 389.00 OK
r-patched-linux-x86_64 1.0.2 68.63 269.52 338.15 NOTE
r-release-linux-x86_64 1.0.2 71.06 270.31 341.37 NOTE
r-release-macos-arm64 1.0.2 113.00 OK
r-release-macos-x86_64 1.0.2 192.00 OK
r-release-windows-x86_64 1.0.2 100.00 306.00 406.00 OK
r-oldrel-macos-arm64 1.0.2 81.00 OK
r-oldrel-macos-x86_64 1.0.2 137.00 OK
r-oldrel-windows-ix86+x86_64 1.0.2 167.00 415.00 582.00 OK

Check Details

Version: 1.0.2
Check: package dependencies
Result: NOTE
    Package suggested but not available for checking: 'ssvd'
Flavors: r-devel-linux-x86_64-debian-clang, r-devel-linux-x86_64-debian-gcc, r-patched-linux-x86_64, r-release-linux-x86_64

Version: 1.0.2
Check: package dependencies
Result: NOTE
    Packages suggested but not available for checking:
     'ssvd', 'conos', 'pagoda2'
Flavors: r-devel-linux-x86_64-fedora-clang, r-devel-linux-x86_64-fedora-gcc