CRAN Package Check Results for Package scDiffCom

Last updated on 2022-08-09 15:56:26 CEST.

Flavor Version Tinstall Tcheck Ttotal Status Flags
r-devel-linux-x86_64-debian-clang 0.1.0 38.93 348.21 387.14 NOTE
r-devel-linux-x86_64-debian-gcc 0.1.0 27.43 293.27 320.70 NOTE
r-devel-linux-x86_64-fedora-clang 0.1.0 430.85 NOTE
r-devel-linux-x86_64-fedora-gcc 0.1.0 461.75 NOTE
r-devel-windows-x86_64 0.1.0 60.00 314.00 374.00 OK
r-patched-linux-x86_64 0.1.0 29.48 327.03 356.51 OK
r-release-linux-x86_64 0.1.0 OK
r-release-macos-arm64 0.1.0 108.00 NOTE
r-release-macos-x86_64 0.1.0 190.00 NOTE
r-release-windows-x86_64 0.1.0 84.00 313.00 397.00 OK
r-oldrel-macos-arm64 0.1.0 163.00 NOTE
r-oldrel-macos-x86_64 0.1.0 147.00 NOTE
r-oldrel-windows-ix86+x86_64 0.1.0 75.00 317.00 392.00 OK

Check Details

Version: 0.1.0
Check: package dependencies
Result: NOTE
    Package suggested but not available for checking: 'SingleCellSignalR'
Flavors: r-devel-linux-x86_64-debian-clang, r-devel-linux-x86_64-debian-gcc, r-devel-linux-x86_64-fedora-clang, r-devel-linux-x86_64-fedora-gcc

Version: 0.1.0
Check: dependencies in R code
Result: NOTE
    Namespaces in Imports field not imported from:
     ‘future’ ‘utils’
     All declared Imports should be used.
Flavors: r-devel-linux-x86_64-fedora-clang, r-devel-linux-x86_64-fedora-gcc, r-release-macos-arm64, r-release-macos-x86_64, r-oldrel-macos-arm64, r-oldrel-macos-x86_64

Version: 0.1.0
Check: package dependencies
Result: NOTE
    Package suggested but not available for checking: ‘ontoProc’
Flavor: r-release-macos-arm64

Version: 0.1.0
Check: package dependencies
Result: NOTE
    Packages suggested but not available for checking:
     'ontoProc', 'SingleCellSignalR'
Flavor: r-oldrel-macos-x86_64