Last updated on 2022-06-26 15:53:10 CEST.
Flavor | Version | Tinstall | Tcheck | Ttotal | Status | Flags |
---|---|---|---|---|---|---|
r-devel-linux-x86_64-debian-clang | 1.1.2 | 49.60 | 129.22 | 178.82 | OK | |
r-devel-linux-x86_64-debian-gcc | 1.1.2 | 49.53 | 98.53 | 148.06 | OK | |
r-devel-linux-x86_64-fedora-clang | 1.1.2 | 248.12 | NOTE | |||
r-devel-linux-x86_64-fedora-gcc | 1.1.2 | 248.92 | OK | |||
r-devel-windows-x86_64 | 1.1.2 | 52.00 | 176.00 | 228.00 | OK | |
r-patched-linux-x86_64 | 1.1.2 | 52.05 | 126.01 | 178.06 | OK | |
r-release-linux-x86_64 | 1.1.2 | 52.80 | 128.35 | 181.15 | OK | |
r-release-macos-arm64 | 1.1.2 | 73.00 | NOTE | |||
r-release-macos-x86_64 | 1.1.2 | 87.00 | NOTE | |||
r-release-windows-x86_64 | 1.1.2 | 56.00 | 167.00 | 223.00 | OK | |
r-oldrel-macos-arm64 | 1.1.2 | 49.00 | NOTE | |||
r-oldrel-macos-x86_64 | 1.1.2 | 81.00 | NOTE | |||
r-oldrel-windows-ix86+x86_64 | 1.1.2 | 132.00 | 199.00 | 331.00 | NOTE |
Version: 1.1.2
Check: installed package size
Result: NOTE
installed size is 5.7Mb
sub-directories of 1Mb or more:
data 3.2Mb
libs 2.1Mb
Flavors: r-devel-linux-x86_64-fedora-clang, r-release-macos-arm64, r-release-macos-x86_64, r-oldrel-macos-arm64, r-oldrel-macos-x86_64, r-oldrel-windows-ix86+x86_64