CRAN Package Check Results for Package sazedR

Last updated on 2022-08-13 04:57:58 CEST.

Flavor Version Tinstall Tcheck Ttotal Status Flags
r-devel-linux-x86_64-debian-clang 2.0.2 5.94 51.61 57.55 NOTE
r-devel-linux-x86_64-debian-gcc 2.0.2 4.09 38.42 42.51 NOTE
r-devel-linux-x86_64-fedora-clang 2.0.2 76.95 NOTE
r-devel-linux-x86_64-fedora-gcc 2.0.2 76.71 NOTE
r-devel-windows-x86_64 2.0.2 13.00 85.00 98.00 NOTE
r-patched-linux-x86_64 2.0.2 4.78 48.02 52.80 NOTE
r-release-linux-x86_64 2.0.2 4.95 47.49 52.44 NOTE
r-release-macos-arm64 2.0.2 24.00 NOTE
r-release-macos-x86_64 2.0.2 47.00 NOTE
r-release-windows-x86_64 2.0.2 12.00 78.00 90.00 NOTE
r-oldrel-macos-arm64 2.0.2 28.00 NOTE
r-oldrel-macos-x86_64 2.0.2 33.00 NOTE
r-oldrel-windows-ix86+x86_64 2.0.2 14.00 66.00 80.00 NOTE

Check Details

Version: 2.0.2
Check: LazyData
Result: NOTE
     'LazyData' is specified without a 'data' directory
Flavors: r-devel-linux-x86_64-debian-clang, r-devel-linux-x86_64-debian-gcc, r-devel-linux-x86_64-fedora-clang, r-devel-linux-x86_64-fedora-gcc, r-devel-windows-x86_64, r-patched-linux-x86_64, r-release-linux-x86_64, r-release-macos-arm64, r-release-macos-x86_64, r-release-windows-x86_64, r-oldrel-macos-arm64, r-oldrel-macos-x86_64, r-oldrel-windows-ix86+x86_64