CRAN Package Check Results for Package saturnin

Last updated on 2020-10-26 03:48:34 CET.

Flavor Version Tinstall Tcheck Ttotal Status Flags
r-devel-linux-x86_64-debian-clang 1.1.1 30.28 49.09 79.37 OK
r-devel-linux-x86_64-debian-gcc 1.1.1 20.35 35.36 55.71 OK
r-devel-linux-x86_64-fedora-clang 1.1.1 104.54 NOTE
r-devel-linux-x86_64-fedora-gcc 1.1.1 94.65 NOTE
r-devel-windows-ix86+x86_64 1.1.1 62.00 107.00 169.00 OK
r-patched-linux-x86_64 1.1.1 25.00 46.07 71.07 OK
r-patched-solaris-x86 1.1.1 100.50 OK
r-release-linux-x86_64 1.1.1 21.41 45.77 67.18 OK
r-release-macos-x86_64 1.1.1 OK
r-release-windows-ix86+x86_64 1.1.1 51.00 81.00 132.00 OK
r-oldrel-macos-x86_64 1.1.1 OK
r-oldrel-windows-ix86+x86_64 1.1.1 55.00 73.00 128.00 OK

Check Details

Version: 1.1.1
Check: compiled code
Result: NOTE
    File ‘saturnin/libs/saturnin.so’:
     Found no calls to: ‘R_registerRoutines’, ‘R_useDynamicSymbols’
    
    It is good practice to register native routines and to disable symbol
    search.
    
    See ‘Writing portable packages’ in the ‘Writing R Extensions’ manual.
Flavors: r-devel-linux-x86_64-fedora-clang, r-devel-linux-x86_64-fedora-gcc