CRAN Package Check Results for Package satscanMapper

Last updated on 2020-09-22 03:49:39 CEST.

Flavor Version Tinstall Tcheck Ttotal Status Flags
r-devel-linux-x86_64-debian-clang 1.0.1 9.44 59.55 68.99 NOTE
r-devel-linux-x86_64-debian-gcc 1.0.1 0.42 1.96 2.38 ERROR
r-devel-linux-x86_64-fedora-clang 1.0.1 101.89 NOTE
r-devel-linux-x86_64-fedora-gcc 1.0.1 87.30 NOTE
r-devel-windows-ix86+x86_64 1.0.1 30.00 82.00 112.00 OK
r-patched-linux-x86_64 1.0.1 9.55 58.26 67.81 NOTE
r-patched-solaris-x86 1.0.1 130.70 NOTE
r-release-linux-x86_64 1.0.1 8.52 58.68 67.20 NOTE
r-release-macos-x86_64 1.0.1 OK
r-release-windows-ix86+x86_64 1.0.1 27.00 86.00 113.00 OK
r-oldrel-macos-x86_64 1.0.1 OK
r-oldrel-windows-ix86+x86_64 1.0.1 18.00 118.00 136.00 OK

Check Details

Version: 1.0.1
Check: for non-standard things in the check directory
Result: NOTE
    Found the following files/directories:
     'stateLung-R01.pdf' 'stateLung-R01.txt'
Flavors: r-devel-linux-x86_64-debian-clang, r-devel-linux-x86_64-fedora-clang, r-devel-linux-x86_64-fedora-gcc, r-patched-linux-x86_64, r-patched-solaris-x86, r-release-linux-x86_64

Version: 1.0.1
Check: whether package can be installed
Result: ERROR
    Installation failed.
Flavor: r-devel-linux-x86_64-debian-gcc