Last updated on 2023-03-26 15:52:45 CEST.
Flavor | Version | Tinstall | Tcheck | Ttotal | Status | Flags |
---|---|---|---|---|---|---|
r-devel-linux-x86_64-debian-clang | 1.0.0 | 41.51 | 205.36 | 246.87 | NOTE | |
r-devel-linux-x86_64-debian-gcc | 1.0.0 | 35.21 | 147.23 | 182.44 | NOTE | |
r-devel-linux-x86_64-fedora-clang | 1.0.0 | 322.39 | NOTE | |||
r-devel-linux-x86_64-fedora-gcc | 1.0.0 | 296.63 | NOTE | |||
r-patched-linux-x86_64 | 1.0.0 | 37.68 | 185.92 | 223.60 | NOTE | |
r-release-linux-x86_64 | 1.0.0 | 33.26 | 201.93 | 235.19 | OK | |
r-release-macos-arm64 | 1.0.0 | 75.00 | OK | |||
r-release-macos-x86_64 | 1.0.0 | 128.00 | OK | |||
r-release-windows-x86_64 | 1.0.0 | 58.00 | 251.00 | 309.00 | OK | |
r-oldrel-macos-arm64 | 1.0.0 | 92.00 | OK | |||
r-oldrel-macos-x86_64 | 1.0.0 | 146.00 | OK | |||
r-oldrel-windows-ix86+x86_64 | 1.0.0 | 113.00 | 385.00 | 498.00 | OK |
Version: 1.0.0
Check: C++ specification
Result: NOTE
Specified C++11: please drop specification unless essential
Flavors: r-devel-linux-x86_64-debian-clang, r-devel-linux-x86_64-debian-gcc, r-devel-linux-x86_64-fedora-clang, r-devel-linux-x86_64-fedora-gcc, r-patched-linux-x86_64