CRAN Package Check Results for Package sara4r

Last updated on 2020-07-13 15:48:46 CEST.

Flavor Version Tinstall Tcheck Ttotal Status Flags
r-devel-linux-x86_64-debian-clang 0.0.7 19.92 97.53 117.45 OK
r-devel-linux-x86_64-debian-gcc 0.0.7 14.63 76.21 90.84 OK
r-devel-linux-x86_64-fedora-clang 0.0.7 144.10 NOTE
r-devel-linux-x86_64-fedora-gcc 0.0.7 140.50 OK
r-devel-windows-ix86+x86_64 0.0.7 52.00 136.00 188.00 NOTE
r-patched-linux-x86_64 0.0.7 19.05 96.12 115.17 OK
r-patched-solaris-x86 0.0.7 209.90 NOTE
r-release-linux-x86_64 0.0.7 18.32 97.62 115.94 OK
r-release-macos-x86_64 0.0.7 ERROR
r-release-windows-ix86+x86_64 0.0.7 46.00 90.00 136.00 NOTE
r-oldrel-macos-x86_64 0.0.7 NOTE
r-oldrel-windows-ix86+x86_64 0.0.7 45.00 77.00 122.00 NOTE

Check Details

Version: 0.0.7
Check: installed package size
Result: NOTE
     installed size is 63.0Mb
     sub-directories of 1Mb or more:
     extdata 62.6Mb
Flavors: r-devel-linux-x86_64-fedora-clang, r-devel-windows-ix86+x86_64, r-patched-solaris-x86, r-release-windows-ix86+x86_64, r-oldrel-macos-x86_64, r-oldrel-windows-ix86+x86_64

Version: 0.0.7
Check: whether package can be installed
Result: ERROR
    Installation failed.
Flavor: r-release-macos-x86_64