CRAN Package Check Results for Package saqgetr

Last updated on 2020-09-22 16:02:39 CEST.

Flavor Version Tinstall Tcheck Ttotal Status Flags
r-devel-linux-x86_64-debian-clang 0.2.0 4.04 35.37 39.41 OK
r-devel-linux-x86_64-debian-gcc 0.2.0 3.23 28.29 31.52 OK
r-devel-linux-x86_64-fedora-clang 0.2.0 58.63 NOTE
r-devel-linux-x86_64-fedora-gcc 0.2.0 47.42 NOTE
r-devel-windows-ix86+x86_64 0.2.0 10.00 43.00 53.00 OK
r-patched-linux-x86_64 0.2.0 3.91 34.08 37.99 OK
r-patched-solaris-x86 0.2.0 67.00 NOTE
r-release-linux-x86_64 0.2.0 3.91 34.43 38.34 OK
r-release-macos-x86_64 0.2.0 NOTE
r-release-windows-ix86+x86_64 0.2.0 9.00 40.00 49.00 OK
r-oldrel-macos-x86_64 0.2.0 NOTE
r-oldrel-windows-ix86+x86_64 0.2.0 5.00 55.00 60.00 OK

Check Details

Version: 0.2.0
Check: dependencies in R code
Result: NOTE
    Namespace in Imports field not imported from: ‘curl’
     All declared Imports should be used.
Flavors: r-devel-linux-x86_64-fedora-clang, r-devel-linux-x86_64-fedora-gcc, r-patched-solaris-x86, r-release-macos-x86_64, r-oldrel-macos-x86_64