CRAN Package Check Results for Package saqgetr

Last updated on 2020-11-23 15:47:48 CET.

Flavor Version Tinstall Tcheck Ttotal Status Flags
r-devel-linux-x86_64-debian-clang 0.2.1 5.01 38.84 43.85 OK
r-devel-linux-x86_64-debian-gcc 0.2.1 3.93 29.56 33.49 OK
r-devel-linux-x86_64-fedora-clang 0.2.1 56.94 NOTE
r-devel-linux-x86_64-fedora-gcc 0.2.1 45.84 NOTE
r-devel-windows-ix86+x86_64 0.2.1 10.00 54.00 64.00 OK
r-patched-linux-x86_64 0.2.1 4.39 36.92 41.31 OK
r-patched-solaris-x86 0.2.1 68.20 NOTE
r-release-linux-x86_64 0.2.1 4.97 36.15 41.12 OK
r-release-macos-x86_64 0.2.1 NOTE
r-release-windows-ix86+x86_64 0.2.1 10.00 55.00 65.00 OK
r-oldrel-macos-x86_64 0.2.1 NOTE
r-oldrel-windows-ix86+x86_64 0.2.1 6.00 44.00 50.00 OK

Check Details

Version: 0.2.1
Check: dependencies in R code
Result: NOTE
    Namespaces in Imports field not imported from:
     ‘curl’ ‘fs’
     All declared Imports should be used.
Flavors: r-devel-linux-x86_64-fedora-clang, r-devel-linux-x86_64-fedora-gcc, r-patched-solaris-x86, r-release-macos-x86_64, r-oldrel-macos-x86_64