CRAN Package Check Results for Package saqgetr

Last updated on 2024-06-25 05:01:05 CEST.

Flavor Version Tinstall Tcheck Ttotal Status Flags
r-devel-linux-x86_64-debian-clang 0.2.21 4.79 44.02 48.81 NOTE
r-devel-linux-x86_64-debian-gcc 0.2.21 2.34 33.57 35.91 NOTE
r-devel-linux-x86_64-fedora-clang 0.2.21 62.43 NOTE
r-devel-linux-x86_64-fedora-gcc 0.2.21 58.66 NOTE
r-devel-windows-x86_64 0.2.21 5.00 61.00 66.00 NOTE
r-patched-linux-x86_64 0.2.21 3.37 42.70 46.07 NOTE
r-release-linux-x86_64 0.2.21 2.82 42.03 44.85 NOTE
r-release-macos-arm64 0.2.21 37.00 NOTE
r-release-macos-x86_64 0.2.21 39.00 NOTE
r-release-windows-x86_64 0.2.21 6.00 61.00 67.00 NOTE
r-oldrel-macos-arm64 0.2.21 55.00 NOTE
r-oldrel-macos-x86_64 0.2.21 38.00 NOTE
r-oldrel-windows-x86_64 0.2.21 6.00 65.00 71.00 NOTE

Check Details

Version: 0.2.21
Check: LazyData
Result: NOTE 'LazyData' is specified without a 'data' directory Flavors: r-devel-linux-x86_64-debian-clang, r-devel-linux-x86_64-debian-gcc, r-devel-linux-x86_64-fedora-clang, r-devel-linux-x86_64-fedora-gcc, r-devel-windows-x86_64, r-patched-linux-x86_64, r-release-linux-x86_64, r-release-macos-arm64, r-release-macos-x86_64, r-release-windows-x86_64, r-oldrel-macos-arm64, r-oldrel-macos-x86_64, r-oldrel-windows-x86_64