CRAN Package Check Results for Package samc

Last updated on 2024-02-23 15:52:29 CET.

Flavor Version Tinstall Tcheck Ttotal Status Flags
r-devel-linux-x86_64-debian-clang 3.2.1 OK
r-devel-linux-x86_64-debian-gcc 3.2.1 186.42 353.08 539.50 OK
r-devel-linux-x86_64-fedora-clang 3.2.1 857.75 OK
r-devel-linux-x86_64-fedora-gcc 3.2.1 943.79 OK
r-devel-windows-x86_64 3.2.1 160.00 323.00 483.00 OK
r-patched-linux-x86_64 3.2.1 216.39 454.78 671.17 OK
r-release-linux-x86_64 3.2.1 224.54 457.00 681.54 OK
r-release-macos-arm64 3.2.1 209.00 NOTE
r-release-macos-x86_64 3.2.1 542.00 NOTE
r-release-windows-x86_64 3.2.1 208.00 449.00 657.00 OK
r-oldrel-macos-arm64 3.2.1 208.00 NOTE
r-oldrel-windows-x86_64 3.2.1 205.00 410.00 615.00 OK

Check Details

Version: 3.2.1
Check: installed package size
Result: NOTE installed size is 18.1Mb sub-directories of 1Mb or more: libs 16.9Mb Flavors: r-release-macos-arm64, r-release-macos-x86_64, r-oldrel-macos-arm64