Last updated on 2023-01-29 03:55:25 CET.
Flavor | Version | Tinstall | Tcheck | Ttotal | Status | Flags |
---|---|---|---|---|---|---|
r-devel-linux-x86_64-debian-clang | 2.0.1 | 185.48 | 662.08 | 847.56 | OK | |
r-devel-linux-x86_64-debian-gcc | 2.0.1 | 154.17 | 480.80 | 634.97 | NOTE | |
r-devel-linux-x86_64-fedora-clang | 2.0.1 | 1079.17 | NOTE | |||
r-devel-linux-x86_64-fedora-gcc | 2.0.1 | 1163.76 | NOTE | |||
r-patched-linux-x86_64 | 2.0.1 | 165.08 | 617.69 | 782.77 | OK | |
r-release-linux-x86_64 | 2.0.1 | 159.58 | 464.57 | 624.15 | OK | |
r-release-macos-arm64 | 2.0.1 | 209.00 | NOTE | |||
r-release-macos-x86_64 | 2.0.1 | 261.00 | NOTE | |||
r-release-windows-x86_64 | 2.0.1 | 171.00 | 520.00 | 691.00 | NOTE | |
r-oldrel-macos-arm64 | 2.0.1 | 239.00 | NOTE | |||
r-oldrel-macos-x86_64 | 2.0.1 | 309.00 | NOTE | |||
r-oldrel-windows-ix86+x86_64 | 2.0.1 | 401.00 | 830.00 | 1231.00 | NOTE |
Version: 2.0.1
Check: C++ specification
Result: NOTE
Specified C++14: please update to current default of C++17
Flavors: r-devel-linux-x86_64-debian-gcc, r-devel-linux-x86_64-fedora-clang, r-devel-linux-x86_64-fedora-gcc
Version: 2.0.1
Check: installed package size
Result: NOTE
installed size is 5.4Mb
sub-directories of 1Mb or more:
doc 4.0Mb
Flavors: r-devel-linux-x86_64-fedora-clang, r-release-macos-arm64, r-release-macos-x86_64, r-release-windows-x86_64, r-oldrel-macos-arm64, r-oldrel-macos-x86_64, r-oldrel-windows-ix86+x86_64