CRAN Package Check Results for Package salso

Last updated on 2022-09-24 15:55:30 CEST.

Flavor Version Tinstall Tcheck Ttotal Status Flags
r-devel-linux-x86_64-debian-clang 0.3.0 163.19 39.60 202.79 OK
r-devel-linux-x86_64-debian-gcc 0.3.0 114.84 31.99 146.83 OK
r-devel-linux-x86_64-fedora-clang 0.3.0 312.39 OK
r-devel-linux-x86_64-fedora-gcc 0.3.0 324.79 OK
r-devel-windows-x86_64 0.3.0 3150.00 93.00 3243.00 OK
r-patched-linux-x86_64 0.3.0 157.16 39.71 196.87 OK
r-release-linux-x86_64 0.3.0 160.40 39.80 200.20 OK
r-release-macos-arm64 0.3.0 25.00 NOTE
r-release-macos-x86_64 0.3.0 33.00 NOTE
r-release-windows-x86_64 0.3.0 11.00 90.00 101.00 OK
r-oldrel-macos-arm64 0.3.0 24.00 NOTE
r-oldrel-macos-x86_64 0.3.0 33.00 NOTE
r-oldrel-windows-ix86+x86_64 0.3.0 15.00 108.00 123.00 OK

Check Details

Version: 0.3.0
Check: installed package size
Result: NOTE
     installed size is 6.8Mb
     sub-directories of 1Mb or more:
     libs 6.5Mb
Flavors: r-release-macos-arm64, r-release-macos-x86_64, r-oldrel-macos-arm64, r-oldrel-macos-x86_64