Last updated on 2022-06-30 03:53:34 CEST.
Flavor | Version | Tinstall | Tcheck | Ttotal | Status | Flags |
---|---|---|---|---|---|---|
r-devel-linux-x86_64-debian-clang | 0.3.0 | 5.18 | 67.80 | 72.98 | OK | |
r-devel-linux-x86_64-debian-gcc | 0.3.0 | 4.60 | 51.69 | 56.29 | OK | |
r-devel-linux-x86_64-fedora-clang | 0.3.0 | 103.47 | NOTE | |||
r-devel-linux-x86_64-fedora-gcc | 0.3.0 | 97.93 | NOTE | |||
r-devel-windows-x86_64 | 0.3.0 | 31.00 | 97.00 | 128.00 | OK | |
r-patched-linux-x86_64 | 0.3.0 | 5.03 | 64.68 | 69.71 | OK | |
r-release-linux-x86_64 | 0.3.0 | 4.34 | 64.97 | 69.31 | OK | |
r-release-macos-arm64 | 0.3.0 | 27.00 | NOTE | |||
r-release-macos-x86_64 | 0.3.0 | 54.00 | NOTE | |||
r-release-windows-x86_64 | 0.3.0 | 24.00 | 99.00 | 123.00 | OK | |
r-oldrel-macos-arm64 | 0.3.0 | 34.00 | NOTE | |||
r-oldrel-macos-x86_64 | 0.3.0 | 39.00 | NOTE | |||
r-oldrel-windows-ix86+x86_64 | 0.3.0 | 17.00 | 89.00 | 106.00 | OK |
Version: 0.3.0
Check: data for non-ASCII characters
Result: NOTE
Note: found 91 marked UTF-8 strings
Flavors: r-devel-linux-x86_64-fedora-clang, r-devel-linux-x86_64-fedora-gcc, r-release-macos-arm64, r-release-macos-x86_64, r-oldrel-macos-arm64, r-oldrel-macos-x86_64