CRAN Package Check Results for Package saeSim

Last updated on 2022-09-29 03:58:15 CEST.

Flavor Version Tinstall Tcheck Ttotal Status Flags
r-devel-linux-x86_64-debian-clang 0.11.0 11.19 129.48 140.67 OK
r-devel-linux-x86_64-debian-gcc 0.11.0 8.85 96.86 105.71 OK
r-devel-linux-x86_64-fedora-clang 0.11.0 182.03 NOTE
r-devel-linux-x86_64-fedora-gcc 0.11.0 170.21 OK
r-devel-windows-x86_64 0.11.0 30.00 162.00 192.00 OK
r-patched-linux-x86_64 0.11.0 15.15 119.04 134.19 OK
r-release-linux-x86_64 0.11.0 9.60 119.90 129.50 OK
r-release-macos-arm64 0.11.0 108.00 OK
r-release-macos-x86_64 0.11.0 200.00 OK
r-release-windows-x86_64 0.11.0 35.00 166.00 201.00 OK
r-oldrel-macos-arm64 0.11.0 88.00 OK
r-oldrel-macos-x86_64 0.11.0 134.00 OK
r-oldrel-windows-ix86+x86_64 0.11.0 28.00 157.00 185.00 OK

Check Details

Version: 0.11.0
Check: Rd cross-references
Result: NOTE
    Undeclared package ‘magrittr’ in Rd xrefs
Flavor: r-devel-linux-x86_64-fedora-clang