CRAN Package Check Results for Package saeME

Last updated on 2021-09-19 03:51:29 CEST.

Flavor Version Tinstall Tcheck Ttotal Status Flags
r-devel-linux-x86_64-debian-clang 1.2.4 13.05 93.51 106.56 OK
r-devel-linux-x86_64-debian-gcc 1.2.4 8.27 68.95 77.22 OK
r-devel-linux-x86_64-fedora-clang 1.2.4 130.05 OK
r-devel-linux-x86_64-fedora-gcc 1.2.4 117.56 OK
r-devel-windows-x86_64 1.2.4 14.00 115.00 129.00 OK
r-devel-windows-x86_64-gcc10-UCRT 1.2.4 ERROR
r-patched-linux-x86_64 1.2.4 11.23 86.11 97.34 OK
r-patched-solaris-x86 1.2.4 164.00 OK
r-release-linux-x86_64 1.2.4 12.15 86.59 98.74 OK
r-release-macos-arm64 1.2.4 OK
r-release-macos-x86_64 1.2.4 OK
r-release-windows-ix86+x86_64 1.2.4 25.00 82.00 107.00 OK
r-oldrel-macos-x86_64 1.2.4 OK
r-oldrel-windows-ix86+x86_64 1.2.4 25.00 87.00 112.00 OK

Check Details

Version: 1.2.4
Check: whether package can be installed
Result: WARN
    Found the following significant warnings:
     WARNING: installation-time patches will not be applied, could not get the patches index
Flavor: r-devel-windows-x86_64-gcc10-UCRT

Version: 1.2.4
Check: PDF version of manual
Result: WARN
    LaTeX errors when creating PDF version.
    This typically indicates Rd problems.
Flavor: r-devel-windows-x86_64-gcc10-UCRT

Version: 1.2.4
Check: PDF version of manual without hyperrefs or index
Result: ERROR
    Re-running with no redirection of stdout/stderr.
Flavor: r-devel-windows-x86_64-gcc10-UCRT