Last updated on 2022-06-28 03:51:42 CEST.
Flavor | Version | Tinstall | Tcheck | Ttotal | Status | Flags |
---|---|---|---|---|---|---|
r-devel-linux-x86_64-debian-clang | 0.2.1 | 6.54 | 51.56 | 58.10 | OK | |
r-devel-linux-x86_64-debian-gcc | 0.2.1 | 6.58 | 39.38 | 45.96 | OK | |
r-devel-linux-x86_64-fedora-clang | 0.2.1 | 82.56 | NOTE | |||
r-devel-linux-x86_64-fedora-gcc | 0.2.1 | 82.57 | NOTE | |||
r-devel-windows-x86_64 | 0.2.1 | 15.00 | 78.00 | 93.00 | OK | |
r-patched-linux-x86_64 | 0.2.1 | 8.41 | 51.76 | 60.17 | OK | |
r-release-linux-x86_64 | 0.2.1 | 9.04 | 49.83 | 58.87 | OK | |
r-release-macos-arm64 | 0.2.1 | 25.00 | NOTE | |||
r-release-macos-x86_64 | 0.2.1 | 35.00 | NOTE | |||
r-release-windows-x86_64 | 0.2.1 | 15.00 | 77.00 | 92.00 | OK | |
r-oldrel-macos-arm64 | 0.2.1 | 29.00 | NOTE | |||
r-oldrel-macos-x86_64 | 0.2.1 | 37.00 | NOTE | |||
r-oldrel-windows-ix86+x86_64 | 0.2.1 | 15.00 | 67.00 | 82.00 | OK |
Version: 0.2.1
Check: dependencies in R code
Result: NOTE
Namespaces in Imports field not imported from:
‘CARBayesdata’ ‘MASS’ ‘nimble’
All declared Imports should be used.
Flavors: r-devel-linux-x86_64-fedora-clang, r-devel-linux-x86_64-fedora-gcc, r-release-macos-arm64, r-release-macos-x86_64, r-oldrel-macos-arm64, r-oldrel-macos-x86_64