CRAN Package Check Results for Package sadists

Last updated on 2024-07-14 03:55:20 CEST.

Flavor Version Tinstall Tcheck Ttotal Status Flags
r-devel-linux-x86_64-debian-clang 0.2.5 3.98 83.11 87.09 OK
r-devel-linux-x86_64-debian-gcc 0.2.5 2.34 62.76 65.10 OK
r-devel-linux-x86_64-fedora-clang 0.2.5 109.03 OK
r-devel-linux-x86_64-fedora-gcc 0.2.5 118.04 OK
r-devel-windows-x86_64 0.2.5 4.00 99.00 103.00 OK
r-patched-linux-x86_64 0.2.5 4.66 80.89 85.55 OK
r-release-linux-x86_64 0.2.5 2.73 80.63 83.36 OK
r-release-macos-arm64 0.2.5 39.00 OK
r-release-macos-x86_64 0.2.5 57.00 WARN
r-release-windows-x86_64 0.2.5 4.00 99.00 103.00 OK
r-oldrel-macos-arm64 0.2.5 48.00 OK
r-oldrel-macos-x86_64 0.2.5 86.00 OK
r-oldrel-windows-x86_64 0.2.5 5.00 106.00 111.00 OK

Check Details

Version: 0.2.5
Check: re-building of vignette outputs
Result: WARN Error(s) in re-building vignettes: ... --- re-building ‘sadists.Rnw’ using knitr Error: processing vignette 'sadists.Rnw' failed with diagnostics: Running 'texi2dvi' on 'sadists.tex' failed. LaTeX errors: ! Undefined control sequence. l.352 \hlkwd{require}\hldef {(ggplot2)} ? ! Emergency stop. ! Emergency stop. l.352 End of file on the terminal! ! ==> Fatal error occurred, no output PDF file produced! --- failed re-building ‘sadists.Rnw’ SUMMARY: processing the following file failed: ‘sadists.Rnw’ Error: Vignette re-building failed. Execution halted Flavor: r-release-macos-x86_64