CRAN Package Check Results for Package sRDA

Last updated on 2020-09-22 03:49:42 CEST.

Flavor Version Tinstall Tcheck Ttotal Status Flags
r-devel-linux-x86_64-debian-clang 1.0.0 7.14 60.70 67.84 OK
r-devel-linux-x86_64-debian-gcc 1.0.0 0.26 1.95 2.21 ERROR
r-devel-linux-x86_64-fedora-clang 1.0.0 93.12 OK
r-devel-linux-x86_64-fedora-gcc 1.0.0 82.20 OK
r-devel-windows-ix86+x86_64 1.0.0 23.00 67.00 90.00 OK
r-patched-linux-x86_64 1.0.0 7.27 58.62 65.89 OK
r-patched-solaris-x86 1.0.0 124.20 OK
r-release-linux-x86_64 1.0.0 7.10 59.02 66.12 OK
r-release-macos-x86_64 1.0.0 OK
r-release-windows-ix86+x86_64 1.0.0 17.00 61.00 78.00 OK
r-oldrel-macos-x86_64 1.0.0 OK
r-oldrel-windows-ix86+x86_64 1.0.0 11.00 79.00 90.00 OK

Check Details

Version: 1.0.0
Check: whether package can be installed
Result: ERROR
    Installation failed.
Flavor: r-devel-linux-x86_64-debian-gcc