CRAN Package Check Results for Package rytstat

Last updated on 2024-07-20 03:49:14 CEST.

Flavor Version Tinstall Tcheck Ttotal Status Flags
r-devel-linux-x86_64-debian-clang 0.3.2 5.73 52.34 58.07 OK
r-devel-linux-x86_64-debian-gcc 0.3.2 4.86 39.58 44.44 OK
r-devel-linux-x86_64-fedora-clang 0.3.2 74.12 NOTE
r-devel-linux-x86_64-fedora-gcc 0.3.2 73.60 OK
r-devel-windows-x86_64 0.3.2 8.00 62.00 70.00 OK
r-patched-linux-x86_64 0.3.2 7.11 48.74 55.85 OK
r-release-linux-x86_64 0.3.2 3.71 49.06 52.77 OK
r-release-macos-arm64 0.3.2 24.00 OK
r-release-macos-x86_64 0.3.2 42.00 OK
r-release-windows-x86_64 0.3.2 6.00 61.00 67.00 OK
r-oldrel-macos-arm64 0.3.2 30.00 OK
r-oldrel-macos-x86_64 0.3.2 44.00 OK
r-oldrel-windows-x86_64 0.3.2 9.00 67.00 76.00 OK

Check Details

Version: 0.3.2
Check: Rd cross-references
Result: NOTE Undeclared package ‘jsonlite’ in Rd xrefs Flavor: r-devel-linux-x86_64-fedora-clang