CRAN Package Check Results for Package rxylib

Last updated on 2022-09-27 03:56:04 CEST.

Flavor Version Tinstall Tcheck Ttotal Status Flags
r-devel-linux-x86_64-debian-clang 0.2.8 106.32 32.74 139.06 OK
r-devel-linux-x86_64-debian-gcc 0.2.8 96.54 24.96 121.50 OK
r-devel-linux-x86_64-fedora-clang 0.2.8 263.42 OK
r-devel-linux-x86_64-fedora-gcc 0.2.8 206.74 OK
r-devel-windows-x86_64 0.2.8 142.00 87.00 229.00 OK
r-patched-linux-x86_64 0.2.8 99.97 31.63 131.60 OK
r-release-linux-x86_64 0.2.8 101.40 30.55 131.95 OK
r-release-macos-arm64 0.2.8 55.00 NOTE
r-release-macos-x86_64 0.2.8 71.00 NOTE
r-release-windows-x86_64 0.2.8 153.00 83.00 236.00 OK
r-oldrel-macos-arm64 0.2.8 57.00 NOTE
r-oldrel-macos-x86_64 0.2.8 70.00 NOTE
r-oldrel-windows-ix86+x86_64 0.2.8 274.00 90.00 364.00 OK

Check Details

Version: 0.2.8
Check: installed package size
Result: NOTE
     installed size is 9.6Mb
     sub-directories of 1Mb or more:
     libs 9.2Mb
Flavors: r-release-macos-arm64, r-release-macos-x86_64, r-oldrel-macos-arm64, r-oldrel-macos-x86_64