CRAN Package Check Results for Package rwunderground

Last updated on 2024-06-18 15:49:33 CEST.

Flavor Version Tinstall Tcheck Ttotal Status Flags
r-devel-linux-x86_64-debian-clang 0.1.8 3.34 34.05 37.39 NOTE
r-devel-linux-x86_64-debian-gcc 0.1.8 3.18 25.49 28.67 NOTE
r-devel-linux-x86_64-fedora-clang 0.1.8 47.67 NOTE
r-devel-linux-x86_64-fedora-gcc 0.1.8 45.61 NOTE
r-devel-windows-x86_64 0.1.8 5.00 56.00 61.00 NOTE
r-patched-linux-x86_64 0.1.8 4.91 32.60 37.51 NOTE
r-release-linux-x86_64 0.1.8 2.79 33.07 35.86 NOTE
r-release-macos-arm64 0.1.8 19.00 NOTE
r-release-macos-x86_64 0.1.8 30.00 NOTE
r-release-windows-x86_64 0.1.8 5.00 58.00 63.00 NOTE
r-oldrel-macos-arm64 0.1.8 19.00 NOTE
r-oldrel-macos-x86_64 0.1.8 26.00 NOTE
r-oldrel-windows-x86_64 0.1.8 6.00 58.00 64.00 NOTE

Check Details

Version: 0.1.8
Check: LazyData
Result: NOTE 'LazyData' is specified without a 'data' directory Flavors: r-devel-linux-x86_64-debian-clang, r-devel-linux-x86_64-debian-gcc, r-devel-linux-x86_64-fedora-clang, r-devel-linux-x86_64-fedora-gcc, r-devel-windows-x86_64, r-patched-linux-x86_64, r-release-linux-x86_64, r-release-macos-arm64, r-release-macos-x86_64, r-release-windows-x86_64, r-oldrel-macos-arm64, r-oldrel-macos-x86_64, r-oldrel-windows-x86_64