CRAN Package Check Results for Package rworldxtra

Last updated on 2022-08-16 04:53:49 CEST.

Flavor Version Tinstall Tcheck Ttotal Status Flags
r-devel-linux-x86_64-debian-clang 1.01 1.75 22.46 24.21 NOTE
r-devel-linux-x86_64-debian-gcc 1.01 2.14 17.86 20.00 NOTE
r-devel-linux-x86_64-fedora-clang 1.01 41.54 NOTE
r-devel-linux-x86_64-fedora-gcc 1.01 41.17 NOTE
r-devel-windows-x86_64 1.01 6.00 46.00 52.00 NOTE
r-patched-linux-x86_64 1.01 2.21 22.42 24.63 NOTE
r-release-linux-x86_64 1.01 2.26 22.04 24.30 NOTE
r-release-macos-arm64 1.01 16.00 NOTE
r-release-macos-x86_64 1.01 21.00 NOTE
r-release-windows-x86_64 1.01 6.00 50.00 56.00 NOTE
r-oldrel-macos-arm64 1.01 18.00 NOTE
r-oldrel-macos-x86_64 1.01 30.00 NOTE
r-oldrel-windows-ix86+x86_64 1.01 6.00 51.00 57.00 NOTE

Check Details

Version: 1.01
Check: DESCRIPTION meta-information
Result: NOTE
    Malformed Title field: should not end in a period.
Flavors: r-devel-linux-x86_64-debian-clang, r-devel-linux-x86_64-debian-gcc, r-devel-linux-x86_64-fedora-clang, r-devel-linux-x86_64-fedora-gcc, r-devel-windows-x86_64, r-patched-linux-x86_64, r-release-linux-x86_64, r-release-macos-arm64, r-release-macos-x86_64, r-release-windows-x86_64, r-oldrel-macos-arm64, r-oldrel-macos-x86_64, r-oldrel-windows-ix86+x86_64

Version: 1.01
Check: installed package size
Result: NOTE
     installed size is 5.1Mb
     sub-directories of 1Mb or more:
     data 5.0Mb
Flavors: r-devel-linux-x86_64-fedora-clang, r-devel-windows-x86_64, r-release-macos-arm64, r-release-macos-x86_64, r-release-windows-x86_64, r-oldrel-macos-arm64, r-oldrel-macos-x86_64, r-oldrel-windows-ix86+x86_64