CRAN Package Check Results for Package rwalkr

Last updated on 2020-08-13 15:51:19 CEST.

Flavor Version Tinstall Tcheck Ttotal Status Flags
r-devel-linux-x86_64-debian-clang 0.5.3 0.53 2.19 2.72 ERROR
r-devel-linux-x86_64-debian-gcc 0.5.3 1.90 16.38 18.28 OK
r-devel-linux-x86_64-fedora-clang 0.5.3 36.11 OK
r-devel-linux-x86_64-fedora-gcc 0.5.3 26.36 OK
r-devel-windows-ix86+x86_64 0.5.3 13.00 43.00 56.00 OK
r-patched-linux-x86_64 0.5.3 2.43 20.03 22.46 OK
r-patched-solaris-x86 0.5.3 42.20 OK
r-release-linux-x86_64 0.5.3 2.34 20.08 22.42 OK
r-release-macos-x86_64 0.5.3 OK
r-release-windows-ix86+x86_64 0.5.3 11.00 31.00 42.00 OK
r-oldrel-macos-x86_64 0.5.3 OK
r-oldrel-windows-ix86+x86_64 0.5.3 5.00 45.00 50.00 OK

Check Details

Version: 0.5.3
Check: package dependencies
Result: ERROR
    Package required but not available: 'tidyr'
    
    Package suggested but not available for checking: 'plotly'
    
    See section 'The DESCRIPTION file' in the 'Writing R Extensions'
    manual.
Flavor: r-devel-linux-x86_64-debian-clang