CRAN Package Check Results for Package rutifier

Last updated on 2022-08-17 03:52:14 CEST.

Flavor Version Tinstall Tcheck Ttotal Status Flags
r-devel-linux-x86_64-debian-clang 1.0.4 2.15 21.98 24.13 NOTE
r-devel-linux-x86_64-debian-gcc 1.0.4 NOTE
r-devel-linux-x86_64-fedora-clang 1.0.4 40.48 NOTE
r-devel-linux-x86_64-fedora-gcc 1.0.4 41.11 NOTE
r-devel-windows-x86_64 1.0.4 9.00 43.00 52.00 NOTE
r-patched-linux-x86_64 1.0.4 1.35 22.07 23.42 NOTE
r-release-linux-x86_64 1.0.4 1.47 21.71 23.18 NOTE
r-release-macos-arm64 1.0.4 16.00 NOTE
r-release-macos-x86_64 1.0.4 24.00 NOTE
r-release-windows-x86_64 1.0.4 6.00 83.00 89.00 NOTE
r-oldrel-macos-arm64 1.0.4 17.00 NOTE
r-oldrel-macos-x86_64 1.0.4 26.00 NOTE
r-oldrel-windows-ix86+x86_64 1.0.4 6.00 43.00 49.00 NOTE

Check Details

Version: 1.0.4
Check: LazyData
Result: NOTE
     'LazyData' is specified without a 'data' directory
Flavors: r-devel-linux-x86_64-debian-clang, r-devel-linux-x86_64-debian-gcc, r-devel-linux-x86_64-fedora-clang, r-devel-linux-x86_64-fedora-gcc, r-devel-windows-x86_64, r-patched-linux-x86_64, r-release-linux-x86_64, r-release-macos-arm64, r-release-macos-x86_64, r-release-windows-x86_64, r-oldrel-macos-arm64, r-oldrel-macos-x86_64, r-oldrel-windows-ix86+x86_64