CRAN Package Check Results for Package ruimtehol

Last updated on 2022-09-27 03:56:03 CEST.

Flavor Version Tinstall Tcheck Ttotal Status Flags
r-devel-linux-x86_64-debian-clang 0.3 275.82 417.56 693.38 OK
r-devel-linux-x86_64-debian-gcc 0.3 210.70 341.35 552.05 OK
r-devel-linux-x86_64-fedora-clang 0.3 953.47 NOTE
r-devel-linux-x86_64-fedora-gcc 0.3 872.08 OK
r-devel-windows-x86_64 0.3 223.00 415.00 638.00 NOTE
r-patched-linux-x86_64 0.3 222.62 457.04 679.66 OK
r-release-linux-x86_64 0.3 226.93 478.69 705.62 OK
r-release-macos-arm64 0.3 335.00 NOTE
r-release-macos-x86_64 0.3 491.00 NOTE
r-release-windows-x86_64 0.3 236.00 422.00 658.00 NOTE
r-oldrel-macos-arm64 0.3 438.00 NOTE
r-oldrel-macos-x86_64 0.3 659.00 NOTE
r-oldrel-windows-ix86+x86_64 0.3 655.00 445.00 1100.00 NOTE

Check Details

Version: 0.3
Check: installed package size
Result: NOTE
     installed size is 5.0Mb
     sub-directories of 1Mb or more:
     data 3.8Mb
Flavors: r-devel-linux-x86_64-fedora-clang, r-devel-windows-x86_64, r-release-macos-arm64, r-release-macos-x86_64, r-release-windows-x86_64, r-oldrel-macos-arm64, r-oldrel-macos-x86_64, r-oldrel-windows-ix86+x86_64