Last updated on 2022-06-28 15:53:27 CEST.
Flavor | Version | Tinstall | Tcheck | Ttotal | Status | Flags |
---|---|---|---|---|---|---|
r-devel-linux-x86_64-debian-clang | 0.3.3 | 101.37 | 224.73 | 326.10 | NOTE | |
r-devel-linux-x86_64-debian-gcc | 0.3.3 | 78.93 | 168.76 | 247.69 | NOTE | |
r-devel-linux-x86_64-fedora-clang | 0.3.3 | 432.80 | WARN | |||
r-devel-linux-x86_64-fedora-gcc | 0.3.3 | 423.89 | WARN | |||
r-devel-windows-x86_64 | 0.3.3 | 115.00 | 288.00 | 403.00 | NOTE | |
r-patched-linux-x86_64 | 0.3.3 | 81.01 | 224.43 | 305.44 | NOTE | |
r-release-linux-x86_64 | 0.3.3 | 65.81 | 220.62 | 286.43 | NOTE | |
r-release-macos-arm64 | 0.3.3 | 111.00 | NOTE | |||
r-release-macos-x86_64 | 0.3.3 | 199.00 | NOTE | |||
r-release-windows-x86_64 | 0.3.3 | 114.00 | 286.00 | 400.00 | NOTE | |
r-oldrel-macos-arm64 | 0.3.3 | 100.00 | NOTE | |||
r-oldrel-macos-x86_64 | 0.3.3 | 150.00 | NOTE | |||
r-oldrel-windows-ix86+x86_64 | 0.3.3 | 249.00 | 336.00 | 585.00 | NOTE |
Version: 0.3.3
Check: for GNU extensions in Makefiles
Result: NOTE
GNU make is a SystemRequirements.
Flavors: r-devel-linux-x86_64-debian-clang, r-devel-linux-x86_64-debian-gcc, r-devel-linux-x86_64-fedora-clang, r-devel-linux-x86_64-fedora-gcc, r-devel-windows-x86_64, r-patched-linux-x86_64, r-release-linux-x86_64, r-release-macos-arm64, r-release-macos-x86_64, r-release-windows-x86_64, r-oldrel-macos-arm64, r-oldrel-macos-x86_64, r-oldrel-windows-ix86+x86_64
Version: 0.3.3
Check: package dependencies
Result: WARN
Requires orphaned package: ‘gtools’
Flavors: r-devel-linux-x86_64-fedora-clang, r-devel-linux-x86_64-fedora-gcc
Version: 0.3.3
Check: installed package size
Result: NOTE
installed size is 5.2Mb
sub-directories of 1Mb or more:
libs 3.5Mb
Flavor: r-oldrel-macos-arm64