CRAN Package Check Results for Package rtypeform

Last updated on 2023-02-09 03:56:22 CET.

Flavor Version Tinstall Tcheck Ttotal Status Flags
r-devel-linux-x86_64-debian-clang 2.1.0 6.54 56.74 63.28 NOTE
r-devel-linux-x86_64-debian-gcc 2.1.0 5.05 43.10 48.15 NOTE
r-devel-linux-x86_64-fedora-clang 2.1.0 84.91 NOTE
r-devel-linux-x86_64-fedora-gcc 2.1.0 77.83 NOTE
r-devel-windows-x86_64 2.1.0 44.00 86.00 130.00 NOTE
r-patched-linux-x86_64 2.1.0 4.57 56.24 60.81 NOTE
r-release-linux-x86_64 2.1.0 6.35 56.94 63.29 NOTE
r-release-macos-arm64 2.1.0 26.00 NOTE
r-release-macos-x86_64 2.1.0 47.00 NOTE
r-release-windows-x86_64 2.1.0 26.00 97.00 123.00 NOTE
r-oldrel-macos-arm64 2.1.0 30.00 NOTE
r-oldrel-macos-x86_64 2.1.0 50.00 NOTE
r-oldrel-windows-ix86+x86_64 2.1.0 17.00 77.00 94.00 NOTE

Check Details

Version: 2.1.0
Check: LazyData
Result: NOTE
     'LazyData' is specified without a 'data' directory
Flavors: r-devel-linux-x86_64-debian-clang, r-devel-linux-x86_64-debian-gcc, r-devel-linux-x86_64-fedora-clang, r-devel-linux-x86_64-fedora-gcc, r-devel-windows-x86_64, r-patched-linux-x86_64, r-release-linux-x86_64, r-release-macos-arm64, r-release-macos-x86_64, r-release-windows-x86_64, r-oldrel-macos-arm64, r-oldrel-macos-x86_64, r-oldrel-windows-ix86+x86_64