CRAN Package Check Results for Package rtypeform

Last updated on 2023-09-28 15:58:33 CEST.

Flavor Version Tinstall Tcheck Ttotal Status Flags
r-devel-linux-x86_64-debian-clang 2.1.0 8.13 58.80 66.93 NOTE
r-devel-linux-x86_64-debian-gcc 2.1.0 5.72 43.31 49.03 NOTE
r-devel-linux-x86_64-fedora-clang 2.1.0 77.84 NOTE
r-devel-linux-x86_64-fedora-gcc 2.1.0 76.78 NOTE
r-devel-windows-x86_64 2.1.0 8.00 66.00 74.00 NOTE
r-patched-linux-x86_64 2.1.0 4.49 53.03 57.52 NOTE
r-release-linux-x86_64 2.1.0 4.18 53.56 57.74 NOTE
r-release-macos-arm64 2.1.0 27.00 NOTE
r-release-macos-x86_64 2.1.0 40.00 NOTE
r-release-windows-x86_64 2.1.0 9.00 72.00 81.00 NOTE
r-oldrel-macos-arm64 2.1.0 26.00 NOTE
r-oldrel-macos-x86_64 2.1.0 47.00 NOTE
r-oldrel-windows-x86_64 2.1.0 10.00 74.00 84.00 NOTE

Check Details

Version: 2.1.0
Check: LazyData
Result: NOTE
     'LazyData' is specified without a 'data' directory
Flavors: r-devel-linux-x86_64-debian-clang, r-devel-linux-x86_64-debian-gcc, r-devel-linux-x86_64-fedora-clang, r-devel-linux-x86_64-fedora-gcc, r-devel-windows-x86_64, r-patched-linux-x86_64, r-release-linux-x86_64, r-release-macos-arm64, r-release-macos-x86_64, r-release-windows-x86_64, r-oldrel-macos-arm64, r-oldrel-macos-x86_64, r-oldrel-windows-x86_64