CRAN Package Check Results for Package rtrends

Last updated on 2024-06-20 03:51:45 CEST.

Flavor Version Tinstall Tcheck Ttotal Status Flags
r-devel-linux-x86_64-debian-clang 0.1.0 1.84 22.57 24.41 OK
r-devel-linux-x86_64-debian-gcc 0.1.0 1.72 17.52 19.24 OK
r-devel-linux-x86_64-fedora-clang 0.1.0 31.17 NOTE
r-devel-linux-x86_64-fedora-gcc 0.1.0 29.64 NOTE
r-devel-windows-x86_64 0.1.0 4.00 40.00 44.00 OK
r-patched-linux-x86_64 0.1.0 2.06 21.36 23.42 OK
r-release-linux-x86_64 0.1.0 1.25 21.45 22.70 OK
r-release-macos-arm64 0.1.0 15.00 OK
r-release-macos-x86_64 0.1.0 25.00 OK
r-release-windows-x86_64 0.1.0 5.00 40.00 45.00 OK
r-oldrel-macos-arm64 0.1.0 17.00 OK
r-oldrel-macos-x86_64 0.1.0 20.00 OK
r-oldrel-windows-x86_64 0.1.0 3.00 42.00 45.00 OK

Check Details

Version: 0.1.0
Check: dependencies in R code
Result: NOTE Namespace in Imports field not imported from: ‘dplyr’ All declared Imports should be used. Flavors: r-devel-linux-x86_64-fedora-clang, r-devel-linux-x86_64-fedora-gcc