CRAN Package Check Results for Package rtmpt

Last updated on 2020-11-24 15:52:19 CET.

Flavor Version Tinstall Tcheck Ttotal Status Flags
r-devel-linux-x86_64-debian-clang 0.1-19 47.55 62.94 110.49 OK
r-devel-linux-x86_64-debian-gcc 0.1-19 38.55 47.07 85.62 OK
r-devel-linux-x86_64-fedora-clang 0.1-19 142.62 OK
r-devel-linux-x86_64-fedora-gcc 0.1-19 115.25 OK
r-devel-windows-ix86+x86_64 0.1-19 77.00 111.00 188.00 OK
r-patched-linux-x86_64 0.1-19 51.93 61.43 113.36 OK
r-patched-solaris-x86 0.1-19 152.70 OK
r-release-linux-x86_64 0.1-19 49.20 60.07 109.27 OK
r-release-macos-x86_64 0.1-19 NOTE
r-release-windows-ix86+x86_64 0.1-19 68.00 101.00 169.00 OK
r-oldrel-macos-x86_64 0.1-19 OK
r-oldrel-windows-ix86+x86_64 0.1-19 67.00 104.00 171.00 OK

Check Details

Version: 0.1-19
Check: installed package size
Result: NOTE
     installed size is 5.4Mb
     sub-directories of 1Mb or more:
     libs 4.1Mb
Flavor: r-release-macos-x86_64