CRAN Package Check Results for Package rsyncrosim

Last updated on 2020-09-24 03:53:07 CEST.

Flavor Version Tinstall Tcheck Ttotal Status Flags
r-devel-linux-x86_64-debian-clang 1.2.4 15.42 71.92 87.34 OK
r-devel-linux-x86_64-debian-gcc 1.2.4 12.79 55.45 68.24 OK
r-devel-linux-x86_64-fedora-clang 1.2.4 118.63 OK
r-devel-linux-x86_64-fedora-gcc 1.2.4 106.23 OK
r-devel-windows-ix86+x86_64 1.2.4 28.00 95.00 123.00 OK
r-patched-linux-x86_64 1.2.4 14.77 70.99 85.76 OK
r-patched-solaris-x86 1.2.4 129.10 WARN
r-release-linux-x86_64 1.2.4 16.24 70.72 86.96 OK
r-release-macos-x86_64 1.2.4 WARN
r-release-windows-ix86+x86_64 1.2.4 34.00 95.00 129.00 OK
r-oldrel-macos-x86_64 1.2.4 WARN
r-oldrel-windows-ix86+x86_64 1.2.4 20.00 90.00 110.00 OK

Check Details

Version: 1.2.4
Check: re-building of vignette outputs
Result: WARN
    Error(s) in re-building vignettes:
     ...
    --- re-building ‘rsyncrosim_tutorial.Rmd’ using rmarkdown
    Warning in engine$weave(file, quiet = quiet, encoding = enc) :
     Pandoc (>= 1.12.3) and/or pandoc-citeproc not available. Falling back to R Markdown v1.
    Quitting from lines 15-19 (rsyncrosim_tutorial.Rmd)
    Error: processing vignette 'rsyncrosim_tutorial.Rmd' failed with diagnostics:
    object 'params' not found
    --- failed re-building ‘rsyncrosim_tutorial.Rmd’
    
    SUMMARY: processing the following file failed:
     ‘rsyncrosim_tutorial.Rmd’
    
    Error: Vignette re-building failed.
    Execution halted
Flavors: r-patched-solaris-x86, r-release-macos-x86_64, r-oldrel-macos-x86_64