CRAN Package Check Results for Package rsvg

Last updated on 2022-06-29 03:52:51 CEST.

Flavor Version Tinstall Tcheck Ttotal Status Flags
r-devel-linux-x86_64-debian-clang 2.3.1 3.23 31.96 35.19 OK
r-devel-linux-x86_64-debian-gcc 2.3.1 2.26 24.03 26.29 OK
r-devel-linux-x86_64-fedora-clang 2.3.1 54.66 OK
r-devel-linux-x86_64-fedora-gcc 2.3.1 55.84 OK
r-devel-windows-x86_64 2.3.1 73.00 206.00 279.00 NOTE
r-patched-linux-x86_64 2.3.1 2.94 30.63 33.57 OK
r-release-linux-x86_64 2.3.1 2.87 31.23 34.10 OK
r-release-macos-arm64 2.3.1 54.00 NOTE
r-release-macos-x86_64 2.3.1 73.00 NOTE
r-release-windows-x86_64 2.3.1 101.00 196.00 297.00 NOTE
r-oldrel-macos-arm64 2.3.1 54.00 NOTE
r-oldrel-macos-x86_64 2.3.1 120.00 NOTE
r-oldrel-windows-ix86+x86_64 2.3.1 33.00 202.00 235.00 NOTE

Check Details

Version: 2.3.1
Check: installed package size
Result: NOTE
     installed size is 15.2Mb
     sub-directories of 1Mb or more:
     libs 14.9Mb
Flavors: r-devel-windows-x86_64, r-release-macos-arm64, r-release-macos-x86_64, r-release-windows-x86_64, r-oldrel-macos-arm64, r-oldrel-macos-x86_64, r-oldrel-windows-ix86+x86_64