CRAN Package Check Results for Package rstatix

Last updated on 2020-09-22 03:49:39 CEST.

Flavor Version Tinstall Tcheck Ttotal Status Flags
r-devel-linux-x86_64-debian-clang 0.6.0 13.83 133.90 147.73 OK
r-devel-linux-x86_64-debian-gcc 0.6.0 0.38 2.66 3.04 ERROR
r-devel-linux-x86_64-fedora-clang 0.6.0 188.18 OK
r-devel-linux-x86_64-fedora-gcc 0.6.0 174.39 OK
r-devel-windows-ix86+x86_64 0.6.0 28.00 145.00 173.00 OK
r-patched-linux-x86_64 0.6.0 14.44 130.72 145.16 OK
r-patched-solaris-x86 0.6.0 229.90 OK
r-release-linux-x86_64 0.6.0 13.26 131.46 144.72 OK
r-release-macos-x86_64 0.6.0 OK
r-release-windows-ix86+x86_64 0.6.0 27.00 189.00 216.00 OK
r-oldrel-macos-x86_64 0.6.0 OK
r-oldrel-windows-ix86+x86_64 0.6.0 17.00 174.00 191.00 OK

Check Details

Version: 0.6.0
Check: whether package can be installed
Result: ERROR
    Installation failed.
Flavor: r-devel-linux-x86_64-debian-gcc