CRAN Package Check Results for Package rstantools

Last updated on 2020-09-30 15:48:08 CEST.

Flavor Version Tinstall Tcheck Ttotal Status Flags
r-devel-linux-x86_64-debian-clang 2.1.1 2.77 38.82 41.59 OK
r-devel-linux-x86_64-debian-gcc 2.1.1 2.51 30.49 33.00 OK
r-devel-linux-x86_64-fedora-clang 2.1.1 58.25 NOTE
r-devel-linux-x86_64-fedora-gcc 2.1.1 52.42 NOTE
r-devel-windows-ix86+x86_64 2.1.1 6.00 48.00 54.00 OK
r-patched-linux-x86_64 2.1.1 2.78 37.71 40.49 OK
r-patched-solaris-x86 2.1.1 79.30 NOTE
r-release-linux-x86_64 2.1.1 2.90 37.09 39.99 OK
r-release-macos-x86_64 2.1.1 NOTE
r-release-windows-ix86+x86_64 2.1.1 17.00 63.00 80.00 OK
r-oldrel-macos-x86_64 2.1.1 NOTE
r-oldrel-windows-ix86+x86_64 2.1.1 8.00 58.00 66.00 OK

Check Details

Version: 2.1.1
Check: dependencies in R code
Result: NOTE
    Namespace in Imports field not imported from: ‘RcppParallel’
     All declared Imports should be used.
Flavors: r-devel-linux-x86_64-fedora-clang, r-devel-linux-x86_64-fedora-gcc, r-patched-solaris-x86, r-release-macos-x86_64, r-oldrel-macos-x86_64